s the remainder when o is divided by p?
10
Let t = -12 + 10. Calculate the remainder when (-1 + 12)/(3/12) is divided by 19 + -4 + 1 + t + 1.
14
Let w = -5 + 95. Suppose c + 4*c - w = 0. What is the remainder when c is divided by 13 + 3 + -7 + 1?
8
Suppose -4*s - 3*v = 2*v - 56, 5*v = -s + 14. Calculate the remainder when 43 is divided by s.
1
Suppose 48*v = 27*v + 2919. What is the remainder when v is divided by 70?
69
Let y = 17 - 14. Suppose y*i = -3*i. Suppose 4*m - 166 = -g, -4*g + 34 = -i*m + m. Calculate the remainder when m is divided by 11.
9
Let t(n) = -n + 13. Let v be t(-4). Let z = -14 + v. Suppose -3*u - u = z*c - 39, 0 = -3*c - 9. Calculate the remainder when u is divided by 5.
2
Suppose -3*p - 1 = 2*d - 2, 0 = 3*p - d - 13. Suppose -2*y = b + p*y + 7, 0 = -3*b - 2*y - 73. Let u = 38 + b. What is the remainder when 32 is divided by u?
10
Let v = -2088 + 2159. What is the remainder when 322 is divided by v?
38
Let i = 58 + -46. Suppose -2*y + i = c - 7*y, 3*c - 121 = -2*y. What is the remainder when c is divided by 20?
17
Calculate the remainder when 1122 is divided by 0/(-10) - (-24 + 1).
18
Suppose -o + 62 = 22. Calculate the remainder when 21 is divided by ((-30)/o)/((-3)/48).
9
Let k(z) = -29*z - 20. Calculate the remainder when 473 is divided by k(-4).
89
Let s = -42 + 46. Let w = 6 + 1. What is the remainder when w is divided by s?
3
Suppose -28*l + 31*l = 15. What is the remainder when 5 is divided by l?
0
Let p = 86 + -80. Suppose 1 = -j + p. What is the remainder when 32 is divided by j?
2
Suppose -2*g - 3*t = -223, -5*g - 4*t - 62 = -623. Calculate the remainder when 353 is divided by g.
14
Suppose 5*u + 25 = 5*i, -i + 3*i + 3*u = -5. Suppose j - f - 35 = 0, i*j + 3*f - 60 = 7*f. What is the remainder when j is divided by 14?
12
Let w(y) = -18*y + 136. Calculate the remainder when w(6) is divided by 10.
8
Suppose -243 = -47*l + 38*l. What is the remainder when 323 is divided by l?
26
Calculate the remainder when (-16)/(-20)*565/2 is divided by 33.
28
Let u = -3 + 9. Let n(i) = i**3 - 6*i**2 - 10*i + 20. Let v be n(7). Let t = u + v. Calculate the remainder when 14 is divided by t.
4
Let u(p) = p + 83. What is the remainder when u(8) is divided by 14?
7
Let x = 7 + 21. Suppose 0 = -q + 4*b - 2, q + 5*b = -2*q + x. Suppose 0*u = -2*u + 4. What is the remainder when q is divided by u?
0
What is the remainder when ((-2090)/44 - -18)*1*-2 is divided by 40?
19
Suppose 8*w + 8 = 12*w. Suppose -w*o + 6*o = 56. Calculate the remainder when 52 is divided by o.
10
Let x(t) = -t**2 - 31*t + 456. Calculate the remainder when x(10) is divided by 17.
12
What is the remainder when -3 + 8*(-31 - -5)*-2 is divided by 23?
22
Let c(b) = -2*b**3 + 10*b + 767. Calculate the remainder when c(0) is divided by 24.
23
Let z = 971 + -934. Let c(a) = -13*a**3 + a**2 + a + 2. What is the remainder when c(-2) is divided by z?
34
Let g be (2/(-4))/((-3)/252). Suppose 0 = -3*l + g - 0. What is the remainder when (-11674)/(-1347)*(2 - -1) is divided by l?
12
Let y(p) = 2*p**3 - 4*p**2 - 5*p + 19. What is the remainder when 78 is divided by y(3)?
12
Suppose g + g = 3*f + 15, -f = 2*g + 5. Let o(v) = -v + 148. Let p be o(g). Let a = 210 - p. What is the remainder when a is divided by 16?
14
Let z = -1412 - -1452. What is the remainder when 139 is divided by z?
19
Suppose -2*j + 75 = 57. What is the remainder when 14 is divided by j?
5
Let h(t) = 3*t**2 + 2*t - 1. Let v be h(1). What is the remainder when 1 + (2 - v) + 57 is divided by 2/52*13 - (-59)/2?
26
Let h(b) = b - 3. Let l be h(4). Let t be (l - 0)/((-3)/(-75)). Let m = t + 2. Calculate the remainder when m is divided by 14.
13
Let b(o) = o**2 - 25*o - 82. Calculate the remainder when 148 is divided by b(-4).
12
Suppose 7 = 5*j + x, 0*j + j - 2*x = 8. Suppose 0 = j*h - i - 4 - 33, 5*h - 75 = -i. Calculate the remainder when h is divided by 6.
4
Let l(y) = 2*y**2 + 8*y + 4. Let f(c) = -c - 6. Let h be f(-13). Let v(r) = -r**3 + 7*r**2 + 7*r + 4. What is the remainder when v(h) is divided by l(-5)?
11
Let g = 1106 - 1082. What is the remainder when 383 is divided by g?
23
Suppose 5*h - 461 = -x - 26, -4*h + 348 = -3*x. Let c = -34 + h. What is the remainder when c is divided by 18?
17
Let q(s) = -s - 1. Let n(x) be the second derivative of -5*x**3/6 - 3*x**2/2 + x. What is the remainder when q(-19) is divided by n(-2)?
4
Let f be 5/(-7) + (-16)/56. Let m = f - -6. Suppose 0 = -0*d - 3*d - m*k + 6, 0 = 2*d + 5*k + 1. Calculate the remainder when 26 is divided by d.
5
Let z = -8 + 12. Let a = 7 - z. Suppose 4*j = 1 + a. What is the remainder when 2 is divided by j?
0
Suppose -72*v + 73*v = 94. Calculate the remainder when v is divided by -1 + 3 + -3 - -33.
30
Suppose u - 2*u - 2*v = -30, 4*u + 4*v - 136 = 0. Suppose 57 = f - u. What is the remainder when f is divided by 16?
15
Suppose 0 = 2*q, -6*t + 4*q + 66 = -3*t. Calculate the remainder when 386 is divided by t.
12
Let g be (0 - 0)/(18/18). Suppose 2*v - 5*q = 31, -3*q = -g*v + 2*v - 23. What is the remainder when v is divided by 9?
4
Suppose -2*p + 2*k = -120, -5*p + 47*k - 49*k = -293. Let z = 65 + -44. Calculate the remainder when p is divided by z.
17
Let r = 135 + -31. Suppose 4*f - 318 = -0*f + j, j + 238 = 3*f. Suppose -4*o + 5*v + f = 0, 5*o = -3*v + r - 41. Calculate the remainder when o is divided by 8.
7
Suppose 3*d = -2*i + 50, 70 - 12 = 3*d + 4*i. Let v(g) = -29*g - 429. What is the remainder when v(-16) is divided by d?
7
Suppose 78*k - 75*k + 24 = 0. Let x(b) = 0*b**3 + 8 - b**3 - 7*b**2 + b + 2*b. Calculate the remainder when x(k) is divided by 17.
14
Suppose 5*n = 2*n + 6. Suppose 0 = -n*g, 6*h - h - 65 = g. Calculate the remainder when 34 is divided by h.
8
Let m = -20 + 20. Suppose -t + 4 = -m. Suppose -57 = -t*c + c. What is the remainder when 94 is divided by c?
18
Let a = 111 + -154. Let w = -40 - a. Calculate the remainder when 16 is divided by w.
1
Suppose -4*b - 24 = 24. Let k = -7 - b. Let h(m) = 2*m**2 - 5*m + 5. What is the remainder when 87 is divided by h(k)?
27
Let y(b) = -3 - 7*b**2 + b**3 - 5*b + 2*b - 6 - 2*b**3. Let p(j) = 2*j**2 + 8*j - 2. Calculate the remainder when p(-6) is divided by y(-7).
10
Suppose 3*s + 71 = -0*s - 2*x, 5*s + 109 = -x. Calculate the remainder when 17 is divided by 2/(-10) - s/5.
1
Suppose y = -5*t - 2*y + 30, -4*t = -4*y + 8. What is the remainder when ((-2)/(-6))/(108/1620) is divided by t?
2
Let o(r) = 3*r**2 + 13*r + 15. Suppose 0 = 115*g - 117*g + 108. What is the remainder when o(-8) is divided by g?
49
Let a be (1 - (-2)/(-1))*-5. Let v be (-78)/(-10) + 1/a. Let m = v + 73. Calculate the remainder when m is divided by 21.
18
Let p(h) = 37*h - 3. Calculate the remainder when p(2) is divided by ((-8)/10)/(18/(-270)).
11
Let z = 23 + 19. Suppose -6*k = -5*k - 2. Suppose -2*h = 2*h + k*j - 54, -4*j = -h + 27. What is the remainder when z is divided by h?
12
Suppose -12*k - 24 = -120. Calculate the remainder when 28 is divided by k.
4
Let f be (-2)/(-5) + 378/30. Suppose -10*y + f*y - 27 = 0. Suppose 0 = 7*a - y*a + 70. Calculate the remainder when a is divided by 12.
11
Suppose 0*z - 13 = -z. Let t(k) = -k**2 - 8*k - 8. Let v be t(-5). Suppose v*i - 144 = i. What is the remainder when i is divided by z?
11
Suppose -6*l + 2*l + 3*g + 16 = 0, -3*g = 3*l + 9. Calculate the remainder when 16 is divided by l.
0
Let j(c) = -c**2 - 5 + 4*c + 5*c**3 - c**2 + 4. Calculate the remainder when j(2) is divided by 14 + ((-3)/3 - -1).
11
Suppose -5*y = -3*q + 273, -q - q - 4*y + 182 = 0. Let s = q + -57. What is the remainder when s is divided by 7?
6
Let o(z) = z + 20. Let w = 54 - -71. Suppose w*x - 36 = 122*x. Calculate the remainder when o(0) is divided by x.
8
Suppose -4*o + 3 = 2*v - 5, -5*v + 20 = -5*o. Suppose -5*b - 3*b + 80 = o. What is the remainder when 208 is divided by b?
8
Let j(u) = u**2 - 12*u + 5. Suppose -2 = -l + 5. Calculate the remainder when l is divided by j(12).
2
Let k = -1377 + 1383. Calculate the remainder when k is divided by 3.
0
Suppose -4*s + 43 = z, 9*z = 4*s + 14*z - 23. Suppose 0 = 2*j - 4*h + h - 50, -3*j = -2*h - 70. Calculate the remainder when j is divided by s.
10
Suppose 10 = u - 8. Calculate the remainder when 81 is divided by u/4*28/6.
18
Suppose -105 +